a(m) be the first derivative of m**4/4 + 2*m**3/3 - m**2 - 193. What is a(k)?
-3
Let d(s) be the second derivative of -s**7/2520 - s**6/144 + 7*s**5/120 - 23*s**4/12 - 16*s - 2. Let t(f) be the third derivative of d(f). What is t(-6)?
1
Let s be (-1 + 0)/((-1)/7). Let y(r) = -8*r**2 + s*r + 21*r**2 - 12*r**2. Calculate y(-7).
0
Let m(t) = -9*t**3 + 7*t**2 + 10*t - 5. Let w(z) = -7*z**3 + 7*z**2 + 9*z - 3. Let n(i) = 4*m(i) - 5*w(i). Give n(-6).
-11
Let m(k) = k**2 - 1. Let n(i) be the third derivative of -i**5/60 - i**4/4 - i**3/3 - 16*i**2. Let w be n(-5). Calculate m(w).
8
Let t(x) = -x**3 - 7*x**2 - 3*x - 6. Let k(v) = -2*v + 3. Let s be k(5). Calculate t(s).
15
Let u(j) = 2*j**2 + 3*j + 2. Let x(t) = 2*t**2 + 3*t + 2. Suppose -2*g - 15 + 4 = -v, 9 = 3*v + 2*g. Let r(n) = v*u(n) - 6*x(n). What is r(-4)?
-22
Let p(f) = 5*f**2 - 8*f + 8. Let k(x) = -4*x**2 + 8*x - 8. Let y(n) = 4*k(n) + 3*p(n). Let j = 95 - 88. Determine y(j).
-1
Let m(w) = 22*w - 74. Let r(j) = -9*j + 37. Let y(c) = 2*m(c) + 5*r(c). Calculate y(0).
37
Let s(v) = v**3 + 2*v**2 - v + 1. Suppose -5*w - 2*b + 54 = 0, -2*w - b + 13 + 9 = 0. Let c be 28/(-49) - w/7. What is s(c)?
3
Let q(d) = -d**2 + 13*d + 26. Suppose 71 = 10*p - 79. Give q(p).
-4
Let a(o) = -o**3 - 3*o**2 + o - 2. Let q = 23 + -20. Suppose 0 = -0*m + q*m + 5*h - 68, 3*h - 3 = 0. Let z = m + -25. Calculate a(z).
10
Let m(s) = 5*s + 3. Let i(k) = k**2 - 14*k - 12. Suppose -5*p + 77 - 2 = 0. Let a be i(p). Suppose 0 = -4*x + 3*g - 0 + 1, -a*x + 3*g = -3. Calculate m(x).
-7
Let t(s) = 4*s - 11. Suppose -62 = -17*f + 6. Calculate t(f).
5
Let g be ((3 - 2) + -3)*51. Let a = 96 + g. Let v(u) = u**3 + 5*u**2 - 7*u - 1. Calculate v(a).
5
Let y be (-8)/(-52) + (-132)/13. Let x(o) = 2*o + 14. What is x(y)?
-6
Let y(l) = l**3 + 3*l**2 + 3*l + 3. Let j = -3 + 9. Let s be 14/4 - 3/j. Suppose 4*r + 5*x = -3, -3*r = s*x - 2*x + 5. Calculate y(r).
1
Suppose -y - 4*y = 5*x - 15, -3*x - 4*y + 6 = 0. Let u(q) be the second derivative of -q**4/12 + 5*q**3/6 - 5*q**2/2 + 143*q + 2. What is u(x)?
-11
Let x(u) be the second derivative of 7*u**3/3 - u**2/2 - 204*u. What is x(-3)?
-43
Let f = 555 - 555. Let d(k) = k**2 + k + 15. Determine d(f).
15
Let a(k) = 7*k + 1. Let p = -8 - -10. Let g(b) = -4*b + 2*b + p + 10 - 5. Let s be g(3). Determine a(s).
8
Let c be ((-3)/2)/((-24)/(-112)). Let k be (4 + c - -2) + (6 - -1). Let y(i) = -i - 1. Determine y(k).
-7
Let s(z) = 106*z - 851. Let c be s(8). Let p(r) = 11*r + 36. Give p(c).
3
Let f(x) = 6*x + 3. Let k be (2/(-4))/(3/6). Let i be f(k). Let s(p) = -5*p - 1 + p + 2*p. Calculate s(i).
5
Let u(q) = -2*q - 2. Suppose 5*w + 6*z - 9 = 3*z, 0 = 2*w + 4*z + 2. Let r be 20/(-12) - 2*w/(-9). Give u(r).
0
Suppose 0 = -h - 3*u + 3, -h + 3*u = -3 - 0. Let o(r) = 2 - 2 + h*r**2 + 0*r**3 - r**3 + 2*r. Let s be o(3). Let b(d) = -d**2 + 6*d + 8. What is b(s)?
8
Let w(s) = -s + 10. Suppose 2*d - 23 = -3*q, 5*q - q - 36 = -4*d. Suppose 4*c - 8 = -d*l + 2*l, -3*l - 4 = 2*c. Let b be 3 - l/((-16)/(-12)). Give w(b).
4
Suppose 14*z - 15*z + 22 = 0. Let b(t) = -t**2 - 9*t**3 - 2*t**3 + 2*t + z - 23. Calculate b(1).
-11
Let p(r) = 3*r**2 - 3*r + 1. Let u = 73 + -69. Determine p(u).
37
Let a(j) = -j**3 - 2*j. Suppose -2*n = -3*x + 25, -10 + 2 = -2*n. Suppose -5*g - 19 = -4*d, 0 = 2*d - 3*d - 5*g + x. Let w be (4/d)/(1/(-3)). Calculate a(w).
12
Let r(z) = 3*z**2 + 5113*z - 3*z**3 - 5115*z + 2 + 4*z**3. Let c(a) = -a**3 + 5*a**2 + 5*a + 3. Let q be c(6). Determine r(q).
8
Suppose i + 109 = -3*l + 95, i = 3*l + 16. Let m(q) be the first derivative of -4*q - q**2 - 1/4*q**4 - 5/3*q**3 - i. Calculate m(-5).
6
Let d(f) be the third derivative of -f**5/30 - f**4/12 + f**3/2 - f**2. Suppose 2*a = -3*x + 4, 4*a + a - 1 = -3*x. Determine d(x).
-9
Suppose -9*i = -7*i - 6. Suppose v + 2 = -3*k, 2*k - 7*v + 20 = -i*v. Let n(z) = z**2 + 2*z + 3. Determine n(k).
3
Let l(q) be the third derivative of -q**6/120 - q**5/10 - q**4/6 + 7*q**3/6 + q**2 + 70*q. What is l(-5)?
2
Let w(t) = -t**2 + 9*t - 4. Let r(i) = 2*i**2 - 90*i + 180. Let g be r(43). Calculate w(g).
4
Let z be 12*(8 - 75/9). Let m(p) = -7*p**2 - 13*p + 11. Let f(r) = -10*r**2 - 19*r + 16. Let v(j) = 5*f(j) - 7*m(j). Determine v(z).
3
Let j(o) = -23*o + 28*o + 3*o**2 - o**3 - 6*o**2. What is j(-4)?
-4
Let j be 3/9*(-6 - (-52)/8). Let d(t) be the third derivative of -2*t**2 - j*t**3 + 0 + 1/8*t**4 + 0*t. Give d(2).
5
Let o be -25 + (-8 - -3) + 3. Let p be 4/(-10) - o/(-45). Let r be (5 - 0)*(-2 - p). Let f(u) = -u**2 - 3*u + 7. Determine f(r).
-3
Let h = -47 + 52. Let x(d) = -123 - h*d**2 + 123 - d**3 + 0*d**3 - 2*d. Suppose 4*w = -4 - 4. Give x(w).
-8
Let s be (-11)/(55/(-60)) + -4. Let b(c) be the second derivative of -c**4/12 + c**3 + 5*c**2 - c. Calculate b(s).
-6
Let j(u) be the third derivative of -1/60*u**5 + 7/24*u**4 - 12*u**2 + 0 - u**3 + 0*u. Give j(6).
0
Let r be (16/(-12))/(6/(-9)). Let t(n) = -5*n**2 - 4*n**2 - 3 - 5*n**r + 15*n**2 - 2*n. Let b be 19/(-7) + 6/(-21). Calculate t(b).
12
Let p(o) = 5*o**2 - 14*o + 38. Let w(c) = 9*c**2 - 30*c + 74. Let m(d) = -7*p(d) + 4*w(d). What is m(20)?
-10
Suppose 3*f + 8 = -z, -f + z + 3 = f. Let q(c) = -12*c**3 + c**2 - c - 1. What is q(f)?
13
Let i(k) = -10*k**2 + 5*k - 2. Let j(d) = -3*d**2 - 11*d**2 + 9*d - 3 - 5*d**2. Let z(x) = 5*i(x) - 3*j(x). What is z(-1)?
8
Let d(h) = -4*h**2 - 2*h - 1. Suppose 0*u + 2*u = 10. Suppose -3*f + f - 2*i + 8 = 0, u*i = 5*f. Suppose 0 = f*y + 2 + 6, -2 = 5*m - 2*y. Calculate d(m).
-13
Let x(k) = -2*k + 1. Let i be x(-5). Let z = 12 - i. Suppose -3*o = -z - 5. Let t(y) = 4*y**2 - 2*y - 2. Give t(o).
10
Let l = -14 - -17. Let q(y) = 2 - l*y + 2*y**2 - 4 - y**2 - 2*y. Give q(4).
-6
Let g(u) = -22*u**2 - 2*u + 1. Let i be g(1). Suppose -10 = -k - 31. Let s = i - k. Let a(w) = -2*w**2 + 2. Calculate a(s).
-6
Let j(g) = 2*g - 3. Let x be (114/228)/((-2)/(-60)). Calculate j(x).
27
Let w be (1/2)/(7/(-84)). Let z(f) = -f**2 - 4*f - 6. Determine z(w).
-18
Suppose 0 = -s + 5*x - 3, 232*s - 229*s - x - 5 = 0. Let p(b) be the first derivative of 0*b**3 + 1/2*b**s + b - 1/2*b**4 - 7. Determine p(-1).
2
Let v(s) = -2*s - 6. Let m(q) = q + 5. Let i(y) = 7*m(y) + 6*v(y). Let c(h) = h**2 + 6*h - 23. Let t be c(-7). Let l be t/10 + (-2)/5. Determine i(l).
9
Let b(n) = -19 - 18 - 4 - 2*n - 7 + 30. What is b(-12)?
6
Let m(q) = -q**3 + 15*q**2 - 12*q - 32. Let w(g) = 7*g - 217. Let i be w(33). Give m(i).
-4
Let g(v) be the first derivative of -5*v**4/4 + 2*v**3/3 + v**2/2 + 1. Give g(-1).
6
Let m(b) = 2*b - 1. Let v(f) = 2*f - 1. Suppose 6*q + q = 49. Let g(i) = q*m(i) - 6*v(i). Give g(-2).
-5
Let p(c) = -c**3 - 7*c**2 - 8. Suppose 0 = 4*t - 131 - 49. Let w be 8/6*t/30. Suppose 0 = 3*i + 19 + w. What is p(i)?
-8
Let s(g) = g + 2. Let u(v) = -6*v - 10. Let a(t) = -20*s(t) - 4*u(t). Determine a(-4).
-16
Let b(o) = o**3 - 12*o**2 + 8. Let k be b(12). Let z(n) be the second derivative of n**5/20 - 2*n**4/3 + n**3/6 - 4*n**2 + 7*n. What is z(k)?
0
Suppose 0 = 4*g + 3*k - 1 + 5, 3*k = -2*g - 8. Let m(j) = 5*j - 3*j - 3 + 5*j**2 - 6*j**2. Give m(g).
-3
Let n(u) = u**2 - 4*u + 8. Let d be n(2). Let c(b) = b**3 - 28*b**2 + 13*b**2 - d*b + 13*b**2. Determine c(3).
-3
Suppose 5*n - 5 = -4*q + 22, -4*q + 21 = 3*n. Let z(w) = -w - 4. Calculate z(n).
-7
Let g be (-2)/(-3) - 4/(-3). Suppose -4*k + g*b = 7 - 21, 2 = -3*k - b. Let d(r) = 20*r - 11*r + k - 11*r. What is d(5)?
-9
Let x = 90 + -88. Let z be (-1 - 1)/(-2 + 0). Let h(b) = 2 - b**x - 5 + z + 0. What is h(0)?
-2
Let w(t) = -t**2 + 12*t - 19. Let h be w(10). Let x(a) = -a + 1. Let z = -3 - -5. Let d(o) = -o + 1. Let g(i) = h*d(i) + z*x(i). What is g(5)?
-12
Suppose r = 2*o - 3, 4*o = 6*o - 10. Let f(y) = y**3 - 6*y**2 - 6*y - 2. Give f(r).
5
Let p(i) = -i + 3. Suppose -5*z + 54 = -2*y, 2*z = 7*y - 10*y + 33. Give p(z).
-9
Suppose 0 = -2*x + 8, -3*x = -2*o + x - 12. Let k(q) = -q**2 - q**3 + q**2 - 4 - q - q**o. Give k(0).
-4
Let z(n) = -8*n**2 - 23*n**3 + 15*n**3 + 4*n**2 + 4*n + 9*n**3 + 8*n**2. Give z(-4).
-16
Let g(r) = 3*r**2 + 7*r + 3. Let a(t) = 5*t**2 + 13*t + 7. Let i(u) = 4*a(u) - 7*g(u). Let s(y) = 37*y - 291. Let x be s(8). Determine i(x).
-3
Let c(n) = -n**3 + 6*n**2 - 7*n - 5*n**2 - 9*n**2. Let j be c(-7). Let f(a) = a**3 + a - 4. Give f(j)